ve of w(s). Determine q(-3).
3
Let t(j) be the second derivative of -2*j**3/3 + j**2/2 - 2*j. Suppose -4*l - 13 = -5. Calculate t(l).
9
Let f(h) = -7*h - 2. Let a(w) = -15*w - 5. Let y(d) = 6*a(d) - 13*f(d). Suppose 12 = 3*o + 3. Let u(j) = j**3 - 3*j**2 + j. Let m be u(o). Determine y(m).
-1
Suppose -w - 3 = -1. Let o(j) be the first derivative of -j**7/840 + j**5/40 + j**4/12 - j**3/3 - 2. Let x(d) be the third derivative of o(d). Determine x(w).
4
Suppose 2*h = -m + 20, h - m - 6 = 1. Let s(c) = -c**3 + 10*c**2 - 10*c + 10. Let x be s(h). Let j(g) = -10*g**2 + 2*g - 1. Calculate j(x).
-9
Suppose -4*s + 5*b = -30, -14 = -s + 2*b - 5. Suppose 2*w = -3*w. Let z(r) = 0*r**2 - 6*r + r**2 + w*r**2. Determine z(s).
-5
Let b(u) = -12*u**3 + 3*u**2 + u - 2. Let o(n) = n**2 + n - 1. Let z(g) = -b(g) + 2*o(g). Give z(1).
12
Let r(z) = -z**2 + 5*z - 3. Let y(c) = -2*c**2 + 4*c - 4. Let i(b) = 3*r(b) - 2*y(b). What is i(-6)?
-7
Suppose 4*i + 2*s - 7 = 3*s, 2*i - 2*s = -4. Suppose -i*x = -8*x + 15. Let a = x + -7. Let m(k) = -k**3 - 4*k**2 + 2*k + 6. Determine m(a).
-2
Suppose -1 - 1 = c. Let m(n) = 1 + n + 1 - 1. Let t(s) = 2*s + 1. Let l(z) = 5*m(z) - 3*t(z). Determine l(c).
4
Suppose 0*b - 2*b = 6. Let v(g) = 36 + 34 - g - 74. What is v(b)?
-1
Let q(y) = y**2 - 4*y + 5. Let a(s) = s**3 + 7*s**2 + 6*s - 4. Suppose -4*c = 12, 3*n = -5*c - 24 - 6. Let f be a(n). Suppose 0 = -w + 5*w - f. Give q(w).
5
Let h(o) be the first derivative of 2*o**3/3 - 5*o**2/2 + 2*o - 3. Calculate h(3).
5
Let b = 1 - 6. Let z(i) = 2*i - i + 6 + 0*i + 2*i. Determine z(b).
-9
Let h(o) = o**3 + 8*o**2 - 8*o + 1. Let n be h(-9). Let y = n + 5. Let s(z) = 2*z. Determine s(y).
-6
Let d(g) = 12*g**2 - 2*g - 5. Let m(t) = t**2 - 1. Let s(r) = d(r) - 4*m(r). Let l be (1/(-2))/((-1)/(-2)). Determine s(l).
9
Let p(m) = 2*m - 326 + 332 + 6*m**2 + 5*m + m**3. Determine p(-4).
10
Let d(i) = 1 + 5 - 4 + 2 - 3*i. Determine d(-5).
19
Suppose 2*u - 3 = 1. Let s(p) = 3*p**2 + 4*p + p**u - 2 - 3*p**2 + 0*p**2. Calculate s(-5).
3
Suppose -5*b + 28 = 13. Let l(h) be the first derivative of 5/2*h**2 - b*h + 4. What is l(2)?
7
Let q = -9 + 24. Let w be 3*2*(-10)/q. Let z(t) be the second derivative of t**4/12 + 2*t**3/3 - 5*t**2/2 + 3*t. Calculate z(w).
-5
Suppose -10 = -5*o + 5. Let b(j) = 2 + 5*j - o*j**2 - j - 3*j**2 + j**3. Suppose -5*a + 5*c = -25, 2*c = -0*c. What is b(a)?
-3
Let j(h) be the first derivative of 2*h + 2*h - 1 + 4 + h**2. Give j(-3).
-2
Let h(q) = -2*q**2 + 4*q + 5. Let a(f) = f**3 - 8*f**2 - 8*f - 5. Let z be a(9). What is h(z)?
-11
Let m = -1 - -2. Let j(y) = -2*y**2 - y + 4. Let a(b) be the first derivative of b**3 + b**2/2 - 5*b + 1. Let c(q) = -4*a(q) - 5*j(q). Determine c(m).
-1
Suppose -2*a + 10 = -2. Let m(d) = -d**2 - 1 + a + 0 - d. Calculate m(-4).
-7
Let l(n) = n**3 - 7*n**2 - 6*n + 15. Let y(g) = -3*g**3 + 21*g**2 + 17*g - 44. Let u(m) = 17*l(m) + 6*y(m). Give u(7).
-9
Let l(r) = r**2 + 2*r. Let h be l(-3). Let q(z) = -z + 2. Let g(n) = 2*n - 3. Suppose c = 4 - 1. Let u(j) = c*g(j) + 4*q(j). Calculate u(h).
5
Let h(f) be the first derivative of f**3/3 - 7*f**2/2 + 3*f - 1. Determine h(6).
-3
Let y(s) = -9 + 3*s + 3*s**2 - 4*s**2 + 13. Calculate y(4).
0
Let a(d) = 8*d**3 + d**2 + 2*d + 1. Let k be (-2 + -2 + 3)*1. Calculate a(k).
-8
Let o(y) = -y**3 + 5*y**2 - 2*y + 3. Let u(d) = -2*d**3 + 11*d**2 - 5*d + 7. Suppose -6*m - 19 - 11 = 0. Let c(l) = m*o(l) + 2*u(l). What is c(4)?
15
Let s(r) = r. Let t be (-25)/(-10)*(-16)/(-20). Give s(t).
2
Let d(i) = -i**3 + 4*i**2 + 2*i - 10. Let y be d(3). Let s(f) be the third derivative of 0 + 2/3*f**3 - 4*f**2 + 0*f - 1/60*f**y - 5/24*f**4. What is s(-5)?
4
Let h(t) be the third derivative of t**5/120 - t**4/4 - t**3/3 + 3*t**2. Let w(r) be the first derivative of h(r). Suppose 0 = 2*y - 6*y. Determine w(y).
-6
Let u(v) = 7*v**3 - 1. Suppose 3 = -x + 4*x. Give u(x).
6
Let y(h) = -39 - 2*h**2 + 17 + 23 - 14*h**3. Give y(-1).
13
Suppose 55*v - 51*v = 20. Let f(o) = -o**2 + 6*o + 1. Determine f(v).
6
Let z(o) = 3*o - 5. Let f(a) = -6*a + 10. Let b(d) = -3*f(d) - 5*z(d). What is b(4)?
7
Let z(v) = -4*v**3 + v. Let s(n) be the second derivative of n**3/6 + 7*n**2/2 - 6*n. Let c be s(-6). Determine z(c).
-3
Let m(g) = -6*g - 1. Suppose -5*u - 40 = -60. What is m(u)?
-25
Let d(u) = -u - 6. Let v = -16 + 18. Suppose v*p - 20 + 10 = 0. Determine d(p).
-11
Let w(o) = -5 - 1336*o + 1335*o + 4. Determine w(-5).
4
Suppose -8 = h + 4*h - 2*m, 16 = 2*h + 4*m. Let k(z) be the second derivative of 1/2*z**2 + h + 1/12*z**4 - 3*z + 1/2*z**3. Determine k(-3).
1
Let m(z) = -5*z**2 - 20*z - 14. Let r(q) be the first derivative of q**3 + 13*q**2/2 + 9*q + 1. Let f(s) = 5*m(s) + 8*r(s). Suppose -5 = -a - 0. What is f(a)?
-3
Let s(c) = 5*c**2 - 2*c - 1. Let p = 17 + -18. What is s(p)?
6
Let a(v) be the first derivative of -v**5/20 - v**4/6 + 5*v**3/6 - v**2/2 + 5*v - 6. Let x(c) be the first derivative of a(c). Give x(-4).
11
Let q = 2 + -2. Let l(g) = 9 + 0 + 0*g - 2*g - g. Let k(n) = 2*n - 4. Let r(y) = -5*k(y) - 3*l(y). What is r(q)?
-7
Let k(o) = -2*o**2 + 3*o + 4. Let h(j) = j**3 + 4*j**2 + 2*j + 4. Let u = 4 + -7. Let t be h(u). Suppose -c - t = -q, 0 = 5*q - 3*q + 5*c + 14. Calculate k(q).
-5
Suppose 11*g = 16*g. Let r(k) = -k - 7. Determine r(g).
-7
Let h be (-10)/(-10) + 0 + 1. Let i(j) = 26*j + h - 5 - j**2 - 22*j. What is i(4)?
-3
Let o(p) be the second derivative of -p**5/20 + 5*p**4/12 - 2*p**3/3 + p**2/2 + p. Suppose 0 = -a + 5 - 1. Determine o(a).
1
Let l(p) be the third derivative of -p**4/24 + 2*p**3/3 + 2*p**2. What is l(3)?
1
Let z(f) = -f**2 + 2*f + 3. Suppose 0 = 4*b - 4 - 4. Let v(k) = -2*k**2 + 2. Let t be v(b). Let c = 4 + t. Give z(c).
-5
Let n(m) = -m**3 + 6*m**2 + m - 7. Let y(a) = 2*a**3 - 12*a**2 - 3*a + 14. Let o(b) = -7*n(b) - 3*y(b). What is o(5)?
-8
Suppose -12*p + 7*p + 5 = 0. Let k(s) = -s**2 - s. What is k(p)?
-2
Let l = -10 + 14. Suppose l*o = 2 - 14, -2*o = d + 12. Let u(v) = -v**2 - 6*v + 4. Calculate u(d).
4
Let d be 3/(-6)*0/3 - -3. Let k(c) = -4*c + 2 - 3 + c**2 + 3. Calculate k(d).
-1
Let s(y) be the second derivative of 11*y**3/6 + y**2/2 - 14*y. Determine s(-1).
-10
Let p be (-10 - 4)*1/(-2). Suppose -4*a + p*a = -2*t - 2, 0 = -a. Let o(i) = -1 - 5*i + i**2 + 5*i. Give o(t).
0
Let v be 12/4*8/6. Let s = -2 + v. Suppose 1 = -s*o - 5. Let z(c) = c**3 + 4*c**2 + 4*c + 1. Calculate z(o).
-2
Let v(r) = 1 + 0*r - 3*r - 2*r**2 + 5*r. Suppose -o + 18 = 2*z + 8, -2*z = -4*o. Suppose -3*d = -4*d + o. What is v(d)?
-3
Let z(g) = -g**2 - 1 - 1 + 2*g**2. Let i be z(0). Let f(t) = -t - 6. Let u(a) = -5*a - 31. Let y(l) = -11*f(l) + 2*u(l). Determine y(i).
2
Let f(w) = -w**3 - 17*w**2 - w - 24. Let g be f(-17). Let z(y) = y**2 + 6*y - 3. Calculate z(g).
4
Let n(p) be the first derivative of 1 + 1/2*p**2 + 4*p. Suppose 0 = 4*q - b + 17, 0 = q - 2*q - 4*b - 17. Give n(q).
-1
Let h(o) = -o + o + o + 3. Let c be -2*1*(2 - -1). Let m be h(c). Let q(f) = -f**3 - 3*f**2 + f + 1. Give q(m).
-2
Let k(o) be the third derivative of o**6/120 - o**5/20 + o**4/24 + o**3/6 + o**2 + o. Let f(g) = g**3 + 3*g**2 + g. Let q be f(-2). What is k(q)?
-1
Let z(g) = -g**2 - 3*g - 6. Suppose -4*s + 5*j + 4 = 5, s - 8 = 4*j. Calculate z(s).
-10
Let i(j) be the second derivative of 2*j**2 + j + 1/4*j**4 - 1/20*j**5 + 0 + 2/3*j**3. Determine i(4).
4
Let c(u) = -u**2 + u - 1. Let g(h) = -5*h**2 + 7*h + 8. Let q(z) = -6*c(z) + g(z). Let m(t) = -t**3 + 2*t**2 + 2*t - 4. Let y be m(2). What is q(y)?
14
Let n(g) = g - 15. Let x be n(15). Let c(s) = -s**3 + s + 2. Give c(x).
2
Let l(h) = h**3 - 4*h**2 - h + 5. Let n be l(4). Let u be 2 + (n + 13)/(-2). Let k(t) = -t**3 - 4*t**2 + 7*t - 1. Calculate k(u).
-11
Suppose 0 = -8*m + 3*m - 15. Let c(v) = v + 5. Calculate c(m).
2
Let t(k) = k**2 - 8*k - 4*k**2 + 2*k**2. Let d(a) = 25*a - 1 + 4*a**2 - 3 + 5. Let z(y) = 2*d(y) + 7*t(y). Calculate z(5).
-3
Let z = -7 + 7. Suppose w + z*w = -5*v - 30, -20 = 4*v. Let r(o) = -3*o**2 - 8*o + 18. Let l(d) = d**2 + 3*d - 6. Let h(c) = 7*l(c) + 2*r(c). Calculate h(w).
-6
Let n(a) be the first derivative of -a**4/4 - a**3/3 + a**2/2 - 8*a + 2. Let t be 58/12 + 4/24. Suppose 0 = -0*j - t*j. Calculate n(j).
-8
Let g(n) = 4*n**3 + 18*n + 7*n**2 - 16 - 4 - 9*n. Let h(x) = x**